-1276*v - 2558. Give z(-2).
-6
Let n(c) = -35*c**2 + 129*c - 231. Calculate n(2).
-113
Let a(l) = -l**3 - 6*l**2 + 5*l - 11. Determine a(-7).
3
Let o(f) = f**3 + 4*f**2 - 6*f + 83. Calculate o(-11).
-698
Let d(c) = c**2 + 35*c + 188. Give d(-29).
14
Let g(u) = -57*u - 320. Calculate g(-6).
22
Let n(g) = 1888*g + 7551. What is n(-4)?
-1
Let g(f) = 697*f + 3535. Determine g(-5).
50
Let n(j) = -2*j**2 + 77*j - 53. What is n(36)?
127
Let o(b) = 8*b**3 + 3*b**2 - 27*b + 3. Determine o(4).
455
Let v(n) = 5*n**2 - n - 45. Calculate v(-13).
813
Let x(b) = -8*b**2 - 5*b - 24. Determine x(3).
-111
Let b(l) = 3*l**3 + 28*l**2 + 18*l - 10. Give b(-8).
102
Let r(i) = i**3 - 16*i**2 - 29*i + 152. Calculate r(18).
278
Let b(i) = -48*i + 4442. Calculate b(92).
26
Let b(h) = -49*h + 35. Determine b(-7).
378
Let x(a) = -a**3 + 25*a**2 - 27*a - 26. Determine x(24).
-98
Let o(f) = 8*f + 14. Calculate o(-2).
-2
Let g(t) = 14*t - 2119. What is g(149)?
-33
Let d(x) = x**2 + 65*x + 749. Determine d(-15).
-1
Let g(m) = -18*m**2 + 28*m + 2. What is g(2)?
-14
Let k(h) = h**3 + 2*h**2 - 19*h + 239. Give k(-8).
7
Let k(x) = x**3 + 89*x**2 + 24*x + 2132. Calculate k(-89).
-4
Let x(g) = -2*g**2 + 41*g - 5. Determine x(17).
114
Let f(c) = -12*c**2 + 108*c + 21. Calculate f(9).
21
Let k(s) = 6*s**2 + 41*s - 154. What is k(3)?
23
Let a(f) = -11*f + 60. What is a(5)?
5
Let q(o) = 5*o**2 + 140*o + 19. What is q(-28)?
19
Let g(h) = -42*h + 77. Determine g(1).
35
Let n(o) = -23*o + 151. What is n(-6)?
289
Let g(k) = k**2 - 1042*k + 9285. What is g(9)?
-12
Let b(f) = -5*f**3 - 104*f**2 + 28*f + 111. Give b(-21).
-36
Let p(a) = a**2 - 159*a + 766. Calculate p(154).
-4
Let m(t) = -5*t**3 + 16*t**2 - 36*t + 18. Give m(2).
-30
Let v(j) = j**3 - 7*j**2 - 20*j + 118. What is v(7)?
-22
Let k(r) = -r**3 - 46*r**2 + 200*r + 5. Calculate k(-50).
5
Let h(n) = 165*n - 2134. Give h(13).
11
Let m(a) = 13*a**3 - 2939*a**2 + 230*a - 901. What is m(226)?
3
Let s(r) = 49*r + 191. Determine s(-7).
-152
Let c(y) = 44*y - 1735. Calculate c(40).
25
Let b(c) = -428*c + 868. Determine b(2).
12
Let z(i) = -i**2 + 71*i + 787. What is z(80)?
67
Let c(j) = 2*j - 150. What is c(43)?
-64
Let m(y) = -12*y**2 - 8*y + 122. What is m(-6)?
-262
Let l(y) = -y**3 - 36*y**2 + 131*y + 561. Determine l(-39).
15
Let p(c) = -78*c + 2210. What is p(28)?
26
Let j(h) = 3*h**2 + 46*h + 244. Give j(-7).
69
Let i(a) = a**3 + 12*a**2 - 82*a + 107. Give i(-17).
56
Let d(z) = -1056*z - 6326. Calculate d(-6).
10
Let b(l) = -7*l**3 - 47*l**2 - 59*l + 10. Give b(-5).
5
Let u(d) = -d**2 + 49*d + 318. What is u(-6)?
-12
Let h(q) = 90*q - 599. Give h(12).
481
Let z(y) = -2*y**3 + 72*y**2 - 2*y + 18. Determine z(36).
-54
Let k(i) = 5*i**2 + 188*i + 92. Give k(-37).
-19
Let n(p) = -6*p**2 - 92*p - 20. Determine n(-15).
10
Let o(b) = -b**3 - 16*b**2 + 116*b + 1720. Determine o(-17).
37
Let m(y) = -106*y + 853. What is m(8)?
5
Let q(x) = -x**3 - 66*x**2 - 539*x + 205. Calculate q(-10).
-5
Let b(a) = -a**3 - 64*a**2 - 63*a + 5. Calculate b(-63).
5
Let l(h) = -4*h**2 - 105*h + 314. Calculate l(3).
-37
Let x(i) = -i**3 + 130*i**2 + 4798*i + 327. Calculate x(160).
7
Let j(m) = -m**2 + 8*m + 52. What is j(14)?
-32
Let d(c) = c**3 + 33*c**2 - 23*c + 375. What is d(-34)?
1
Let i(f) = -65*f - 196. What is i(-3)?
-1
Let v(a) = 5*a + 256. Give v(-43).
41
Let k(m) = -m**3 - 81*m**2 - 230*m - 3. Calculate k(-3).
-15
Let o(r) = -5*r**2 + 44*r - 112. Calculate o(11).
-233
Let c(v) = -v**2 - 65*v + 1722. What is c(-87)?
-192
Let h(q) = 2*q - 31. What is h(-3)?
-37
Let q(d) = 6*d**2 - 44*d + 5. What is q(8)?
37
Let w(q) = q**3 - 26*q**2 + 144*q + 36. What is w(18)?
36
Let w(b) = b**3 - 35*b**2 + 114*b - 10. Determine w(31).
-320
Let n(m) = -2*m**2 - 52*m - 59. Give n(-24).
37
Let h(r) = -609*r - 3658. What is h(-6)?
-4
Let p(x) = -23*x**3 + 13*x**2 + 14*x + 1. What is p(-1)?
23
Let v(g) = g**3 + 190*g**2 - 1575*g - 54. Calculate v(8).
18
Let j(t) = -9*t + 242. Calculate j(18).
80
Let l(u) = -33*u + 8. What is l(3)?
-91
Let p(r) = -3*r**3 + 150*r**2 - 323*r + 1672. Determine p(48).
-8
Let u(y) = 933*y - 4682. What is u(5)?
-17
Let j(l) = -7*l**2 + 262*l - 88. What is j(37)?
23
Let q(j) = 34*j - 6375. What is q(188)?
17
Let j(y) = -4916*y + 63. Calculate j(0).
63
Let l(p) = 145*p - 297. Determine l(2).
-7
Let n(l) = -6*l**3 - 2*l**2 + l + 2. What is n(2)?
-52
Let v(q) = 698*q**2 - 4*q + 8. Determine v(0).
8
Let b(z) = -z**2 - 60*z + 41941. Determine b(-237).
-8
Let t(x) = -x**3 + 77*x**2 - 1345*x - 253. Calculate t(50).
-3
Let p(l) = -2*l**2 + 40*l + 36. What is p(21)?
-6
Let q(d) = d**3 - 23*d**2 + 29*d - 1255. What is q(24)?
17
Let u(m) = 6*m**2 + 320*m + 75. Calculate u(-54).
291
Let l(x) = -6*x**2 + 20*x - 12. Give l(3).
-6
Let o(y) = -6*y**2 + 114*y - 219. Determine o(16).
69
Let h(s) = -s**3 - 3*s**2 - 22*s - 43. Determine h(-3).
23
Let i(o) = -o - 24. What is i(-25)?
1
Let u(t) = -5*t**3 + 60*t**2 - 38*t + 454. Determine u(12).
-2
Let k(w) = 51*w - 86. What is k(6)?
220
Let s(j) = -217*j - 3669. Determine s(-17).
20
Let b(o) = o**2 + 70*o - 589. Determine b(8).
35
Let a(y) = 26*y + 219. Determine a(-9).
-15
Let u(i) = -i**2 + 13*i + 552. Give u(43).
-738
Let x(b) = -b**3 + 17*b**2 + 38*b + 96. What is x(19)?
96
Let w(a) = 14*a - 318. Determine w(36).
186
Let h(r) = -11*r**3 - 2*r**2 + 47*r + 49. Calculate h(-1).
11
Let s(f) = -15*f**2 - 204*f + 430. Give s(2).
-38
Let l(f) = f**3 - 11*f**2 + 3*f - 174. Determine l(12).
6
Let h(j) = 12*j**3 + 3*j**2 - 99*j + 96. What is h(1)?
12
Let n(r) = -3*r**2 - 1812*r - 38408. Calculate n(-22).
4
Let n(r) = 22*r - 517. What is n(23)?
-11
Let w(z) = -2*z**3 - 73*z**2 + 51*z + 527. What is w(-37)?
9
Let a(g) = 2*g**2 - 1485*g - 12001. Give a(-8).
7
Let k(s) = -s**3 + 42*s**2 + 3*s - 157. What is k(42)?
-31
Let i(x) = 4*x**3 + x + 3. Give i(6).
873
Let t(g) = 2*g**2 - 777*g - 15479. Calculate t(-19).
6
Let j(p) = 108*p + 30139. What is j(-279)?
7
Let a(m) = -m**3 + 17*m**2 - 53*m + 4. Determine a(12).
88
Let w(a) = 334*a - 2692. Calculate w(7).
-354
Let o(t) = -2*t**2 - 45*t - 127. Give o(-3).
-10
Let v(n) = n**3 + 18*n**2 - 2*n - 68. Determine v(-18).
-32
Let y(j) = j**2 - 6*j - 19. Determine y(-2).
-3
Let p(b) = 66*b - 9. Determine p(0).
-9
Let d(t) = 22*t + 513. What is d(-22)?
29
Let p(h) = -28*h - 1380. What is p(-46)?
-92
Let a(w) = -w**3 + 14*w**2 + 3*w. Determine a(14).
42
Let s(g) = 97*g + 725. Determine s(-6).
143
Let x(v) = v**3 - 172*v**2 - 886*v + 171. Give x(177).
-6
Let y(m) = 3*m**2 - 33*m + 93. Calculate y(6).
3
Let b(q) = 23*q**2 - 1426*q. Determine b(62).
0
Let y(x) = -5*x**3 + 168*x**2 + 48*x + 79. Calculate y(34).
-601
Let i(p) = 161*p + 940. Calculate i(-4).
296
Let b(h) = -267*h + 4806. What is b(18)?
0
Let f(c) = -3*c**2 + 16*c + 11. Calculate f(9).
-88
Let y(u) = 3*u**2 + 74*u + 441. What is y(-13)?
-14
Let b(r) = -r**3 + 7*r**2 - 13*r + 110. Give b(9).
-169
Let m(a) = -3*a**2 + 5*a + 790. Calculate m(-15).
40
Let s(z) = 3*z**2 + 137*z + 1438. What is s(-16)?
14
Let i(t) = 22*t - 1071. Give i(48).
-15
Let h(k) = -214*k + 4922. What is h(23)?
0
Let i(t) = 2*t**3 + 23*t**2 + 51*t - 11. Calculate i(-3).
-11
Let k(b) = b**2 - 15*b - 5. What is k(13)?
-31
Let w(r) = -r**2 + 32*r + 39. Determine w(36).
-105
Let r(o) = -2*o**3 - 53*o**2 - 20*o + 57. What is r(-26)?
-99
Let h(g) = 2*g**2 + 15*g - 129. Determine h(5).
-4
Let r(z) = z**2 - 197*z + 5151. What is r(31)?
5
Let h(m) = 25*m**3 - 2*m**2 + 20*m - 19. Give h(1).
24
Let s(r) = -r**3 + 3*r**2 + 20*r + 61. Calculate s(0).
61
Let a(p) = -p**3 + 36*p**2 + 32*p - 77. Determine a(37).
-262
Let c(p) = 420*p - 157. Determine c(1).
263
Let d(s) = 113*s**2 - 3391*s + 31. What is d(30)?
1
Let b(r) = 70*r - 153. Determine b(3).
57
Let l(u) = -32*u + 791. Calculate l(20).
151
Let t(x) = x**3 - 4*x**2 - 10*x + 52. Determine t(4).
12
Let c(z) = -z**2 + 44*z - 462. Determine c(17).
-3
Let p(z) = -z**3 - 19*z**2 - 94*z - 33. Give p(-9).
3
Let p(h) = 783*h - 4529. Calculate p(6).
169
Let u(g) = -90*g - 2. Determine u(0).
-2
Let n(v) = -v**3 + 29*v**2 - 205*v + 7. Give n(12).
-5
Let k(r) = 49*r + 125. Calculate k(0).
125
Let b(t) = -150*t + 1379. Give b(9).
29
Let r(i) = 35*i - 174. Determine r(5).
1
Let i(a) = a**2 - 872*a - 18754. What is i(-21)?
-1
Let f(w